 the highest common divisor of n and 1.
1
Let n(y) = 2*y**3 + y**2 - y + 4. Suppose 4*d = -22 - 74. Let i(z) = -2*z - 46. Let v be i(d). Let k be n(v). Calculate the highest common factor of 11 and k.
11
Let p = -17865 + 18086. What is the highest common divisor of p and 13?
13
Suppose -3*c - 479 = 169. Let g = 237 + c. Calculate the greatest common factor of g and 63.
21
Suppose 4*y - 5*a = 101, 181 = 5*a + 206. What is the highest common factor of 4769 and y?
19
Suppose 0*f + 12 = -f. Let d be (1/(-2) + 21/f)*-12. Calculate the greatest common divisor of d and 9.
9
Let b = 919 - 874. What is the greatest common factor of b and 81?
9
Suppose 7*u - 270 = 2*u - 3*g, 3*u - 161 = -2*g. Suppose -u*j = -12*j - 990. What is the greatest common divisor of j and 539?
11
Let b be (22 + -7)/3 + 76. Suppose 5*a + 2*h = 126, 5*a - 5*h - b = a. Calculate the greatest common divisor of 176 and a.
8
Suppose -2*n + 0*n + 4 = 4*c, -4*n - 2*c = -14. Let z be 33/176*4 + 17/4. Let y be (110/(-50) - z)*-1*5. Calculate the greatest common divisor of y and n.
4
Let n = -16 - -10. Let d be (6321/n)/(-7) - 12/24. Calculate the highest common factor of 90 and d.
30
Suppose r = 5*q - 13, 7*r - 4 = 2*r + 2*q. Let h be 72/252 - r*(-453)/14. Calculate the highest common divisor of h and 182.
13
Suppose 2*v - 2*c + 5 = 125, 5*v - 284 = c. Let o(a) = 0*a**2 - 3*a + a**2 - 18 + 8 + 8. Let j be o(5). Calculate the greatest common factor of v and j.
8
Let k(j) be the third derivative of -7*j**4/24 - 16*j**3 - 49*j**2 + 1. Let s be k(-14). What is the highest common divisor of 29 and s?
1
Let z(g) = g**3 - 13*g**2 - 7*g - 86. Let j be z(14). What is the highest common factor of j and 1518?
6
Let v(j) = -j**2 + 116*j + 616. Let z be v(-5). Calculate the greatest common factor of z and 638.
11
Suppose 39 = -81*b + 82*b - 3*t, -4*t + 95 = b. Calculate the greatest common divisor of b and 16149.
21
Let v be 1/9 + 430390/3474. Calculate the highest common divisor of 32 and v.
4
Let i be ((-6)/50*-5)/(3/10). What is the highest common divisor of i and 1278?
2
Suppose 6*c + 2743 = -479. Let y = -533 - c. Calculate the highest common divisor of 58 and y.
2
Let r = 12 - 4. Suppose -3*m - 175 + 643 = 0. Suppose 0 = -10*d - 36 + m. What is the greatest common divisor of r and d?
4
Let o = -296 - -302. Let w(l) = 4*l**3 - 17*l**2 + 18*l + 18. Let s be w(o). Calculate the highest common factor of 162 and s.
54
Let n = -86 + 67. Let w = n + 35. Let k(v) = v**2 + 112. Let a be k(0). What is the greatest common factor of w and a?
16
Suppose 326 + 514 = 14*x. Let c be (x/24)/(5/24). Let y = 62 + 22. What is the highest common divisor of y and c?
12
Let j = 6710 - 6236. What is the greatest common divisor of 158 and j?
158
Suppose 17*d - 5399 = 6195. Let l = d + -418. Calculate the greatest common divisor of 8 and l.
8
Let u be (1 - -4 - 333/(-9)) + -10. What is the greatest common divisor of u and 2320?
16
Let k be -22 - (-395215)/25 - (-3)/(-5). What is the greatest common divisor of 12 and k?
6
Suppose -60 = -x - 61, 0 = -4*c - 3*x + 1065. Calculate the highest common divisor of 26967 and c.
267
Suppose 4*h = -h + 455. Suppose 0 = 2*f + 10, -29*f + 15 = -2*d - 34*f. Let z be 112/7 - (-2 + d). Calculate the highest common divisor of h and z.
13
Let t = 29055 - 26111. What is the greatest common factor of 48 and t?
16
Suppose 151661 - 578396 = -45*t. What is the highest common divisor of t and 261?
87
Suppose 33*y = -8*y + 19125 + 177019. Calculate the highest common factor of y and 26.
26
Let r(v) = 2*v + 24. Let b be r(-11). Let g be (-1071)/(-35) + b/5. Suppose -g*n + 28*n = -60. Calculate the greatest common divisor of 5 and n.
5
Let i(n) = 4*n**2 - 5*n - 3. Let a be i(3). Let k be 2*(21/a + (-8)/12). Suppose 7 = 2*x + 3. What is the greatest common divisor of x and k?
1
Let u = 2616 - 2606. Calculate the greatest common divisor of 24640 and u.
10
Suppose -170 = -4*s - 3*v + 393, 0 = 5*s - 4*v - 696. Let l = s + -68. Let m be (-338)/(-7) + 4/(-14). Calculate the highest common divisor of l and m.
24
Let g(q) = -16*q + 2. Let n be g(-6). Suppose 860 = 653*i - 8282. What is the highest common factor of n and i?
14
Suppose -91 = -67*r + 60*r. Let u(c) = c**3 - 14*c**2 + 16*c - 9. Let l be u(r). What is the greatest common divisor of 12 and l?
6
Let l(j) = -6*j - 48. Let i be l(-8). Suppose 3*r = -2*c - 0*r + 960, i = 5*c - r - 2417. Calculate the greatest common factor of c and 69.
69
Let l = -28 + 78. Let n be -65*-2*165/l. Calculate the highest common divisor of n and 39.
39
Suppose -5*n + 54 = 11*r - 10*r, 5*n + 166 = 4*r. Calculate the highest common factor of 902 and r.
22
Suppose -253 = -2*j - d, -5*j = -3*j - 4*d - 228. Let a = j + -52. Calculate the highest common factor of 168 and a.
24
Let j be 1*10/((-1)/(-1)). Suppose 1614 - 2154 = -4*t. Calculate the greatest common divisor of t and j.
5
Let v(g) = -2*g - 22. Let w be v(-16). Suppose 3*b - 13 = 4*z, 4*z + 3 = -1. Let m = 7 + b. What is the highest common factor of m and w?
10
Let q = 17 - 3. Let r = 376 - 374. Calculate the highest common factor of r and q.
2
Suppose 3*v + 23 = 2*x + 6, 6 = x - 2*v. Let t = -16 + x. Suppose 2*i - 2 - 108 = t. Calculate the highest common factor of i and 5.
5
Let p(v) = -v**3 - 21*v**2 - 3*v - 13. Let n be p(-13). Let h = 3595 + n. Suppose -15*g = -h - 701. What is the greatest common factor of 33 and g?
33
Let g be 72*(1 + 1)*(-7)/(-4). Let b = -224 + g. What is the highest common divisor of 182 and b?
14
Let v(a) = -100*a - 225. Let c be v(-5). What is the greatest common divisor of c and 77?
11
Suppose -k + 5*l - 10 + 127 = 0, -2*k - 5*l + 159 = 0. Calculate the greatest common factor of k and 7866.
46
Let w be (-3)/1*((-374)/(-33) - 8). Let u(k) = 6*k**2 + 44*k - 22. Let c be u(w). Calculate the highest common divisor of 345 and c.
69
Suppose -15*r + 20*r - 15 = 0. Suppose 2*s = 4*g - 188, -r*s = g - 23 - 10. Calculate the greatest common factor of g and 15.
15
Let m(i) = i**3 - 12*i**2 + 27*i - 1172. Let k be m(16). Calculate the highest common divisor of 140 and k.
4
Let f = 110 - 8. Suppose -s - 3*s + 19 = -c, -3*s + 2*c = -8. Calculate the greatest common divisor of f and s.
6
Suppose 110 = 3*z - 2*g, 5*g - 76 - 17 = -4*z. Suppose 3*o = 9*o - 480. Calculate the greatest common divisor of o and z.
16
Let q(f) = -13*f**2 - 59*f - 23. Let n be q(-4). What is the highest common divisor of 295 and n?
5
Suppose -5*r - 4*z + 954 = 0, -r + 4*z = 2*r - 598. Let g be (3 - -104) + (-8 - -11). Let b = r - g. Calculate the highest common divisor of 12 and b.
12
Let f = -29724 + 29760. Calculate the highest common divisor of 1636 and f.
4
Let j be (-18)/12*8 - -5. Let h be (-2)/j - -19*(-40)/(-35). Let d(p) = -60*p + 2. Let s be d(-4). Calculate the highest common factor of s and h.
22
Let h be 11*132/(-2541) - ((-129438)/14 - 0). What is the greatest common factor of h and 860?
215
Let f = 207 - 95. Suppose 4*c = -3*h - 8, 5*c - 1 + 11 = -2*h. Let v = c - -18. Calculate the highest common factor of v and f.
16
Let t be -1 + 12/2 + 255. Let k = -167 + t. What is the greatest common divisor of k and 62?
31
Let i be -2*56/((-28)/4). Let w be 12/(-42) + (-4)/(-14). Let s be 19 - (w - -3 - 0). What is the greatest common factor of i and s?
16
Suppose 1188 = -90*b + 108*b. What is the greatest common divisor of b and 69?
3
Suppose 4*l - 1952 = 4*t, 0 = -5*l + 9*l + 4*t - 1936. Let m = 678 - l. Calculate the greatest common factor of 18 and m.
6
Let l be 5/(-100)*-6085 + (-2)/8. Suppose 1268*h - 1344 = 1240*h. What is the greatest common divisor of l and h?
16
Let h be (3/8)/(50/4800). What is the highest common factor of h and 5949?
9
Let q be (37 - -1) + -3 + 1. Calculate the greatest common factor of q and 2178.
18
Let s be 21/(-8 - -1) - -7. Suppose s*a = -5*t + 8*a + 1105, 5*t = 5*a + 1100. Calculate the greatest common factor of t and 25.
25
Let h(q) = -28*q + 402. Let y be h(12). Calculate the greatest common factor of y and 110.
22
Let n = -40 + 45. Suppose 0 = n*k - 6 - 9. Let h(r) = 2*r + 2. Let b be h(k). Calculate the highest common divisor of 20 and b.
4
Suppose -2*g + 4*o + 1264 = -512, -2*g + 1784 = -3*o. Calculate the highest common divisor of g and 1.
1
Let i = -485 - -489. Suppose i*v - 2